 Let a(i) = s*v(i) + 4*z(i). What is the tens digit of a(-11)?
4
Suppose 1069*z = 1043*z + 398372. What is the units digit of z?
2
Let i(v) be the first derivative of -3*v**2/2 + 9*v - 29. Let s be i(3). Suppose -53*x + 54*x - 143 = s. What is the tens digit of x?
4
Suppose -3*i - 729 = -24. Let a = i - -591. What is the hundreds digit of a?
3
Let q(p) = -2*p**3 + 65*p**2 - 47*p - 31. Let d(n) = 16 - 33*n**2 - 19*n + 57*n - 14*n + n**3. Let m(z) = 5*d(z) + 3*q(z). What is the units digit of m(29)?
9
Let q = 2 + 0. Let h be (44/(-88))/((-1)/4). Suppose -4*c + 448 = -2*p - h*p, -218 = -q*c + 4*p. What is the hundreds digit of c?
1
Suppose -939100 = -14*k - 5*y, -4*k - 95*y + 96*y + 268324 = 0. What is the units digit of k?
0
What is the thousands digit of (36 - -12)*137/2?
3
Let t be (-1)/(966/321 - 3). Let q = 1067 + t. Suppose -36*y = -41*y + q. What is the hundreds digit of y?
1
Suppose 5*b = 6*b - 2*l - 1, 0 = 4*b - l - 11. Let w(m) = 247*m - 54. What is the units digit of w(b)?
7
Let a(z) = -2*z + 6. Let t be a(2). Suppose -11 = -t*o - 5. Suppose 0 = o*q - 3 + 18, -4*q - 263 = -3*n. What is the units digit of n?
1
Suppose u - 1 = 0, m + u - 4*u = -3. Suppose 5*y - 17 + 57 = m. What is the tens digit of 2*40 + 4/y*2?
7
Let n(t) = 17*t**2 + 27*t + 44. What is the hundreds digit of n(14)?
7
Suppose -2*h - 3748 = -o, -3*o + 3098 + 8114 = 2*h. Suppose y + o = 6*y. What is the units digit of y?
8
Let q(x) = -5*x + 261. Let i be q(52). What is the hundreds digit of 4/(i/1) + 994 + 19?
0
Let l = 25145 + -15339. What is the tens digit of l?
0
Let z = -16 + 18. Let h(t) = -3*t - 573 + 0*t + 9*t**z + 582. What is the units digit of h(4)?
1
Let g = 770 - 1353. Let n(o) = -25*o - 8. Let j be n(14). Let f = j - g. What is the tens digit of f?
2
Let j(z) = 2*z**2 - 49*z - 77. Let l be j(26). What is the tens digit of (-712)/(-4) + 2 + l?
8
Suppose -5*j - 4*w = -3*j - 20, 4*w - 16 = 0. Suppose -19 + 16 = -j*c + 5*k, 5*k = -2*c + 33. What is the units digit of c?
9
Suppose 2*b + 3 = n, 13 = -4*b + 5*n - 8. Suppose u = -b, 5*u + 32 - 157 = -5*h. What is the tens digit of h?
2
What is the hundreds digit of (28892/6)/(90/135)?
2
Let a(j) = 38*j - 7. Let v = 197 - 189. What is the tens digit of a(v)?
9
Let x(z) = z + 17. Let h be x(-11). Suppose -5*v = -3*k - 10, 3*v - 22 = h*k - k. What is the tens digit of (-3600)/(-20) - (-2)/v?
7
Let j(x) = x**3 - 31*x**2 - 7*x + 398. What is the tens digit of j(40)?
1
Let l be -3 + (-36)/(-10)*(195 + 10). Let k = l - 320. What is the hundreds digit of k?
4
Let f = 78 + -83. Let s(i) = 4*i**2 - 15*i - 43. What is the hundreds digit of s(f)?
1
Suppose 3*c - 153*y - 81204 = -152*y, -3*y - 9 = 0. What is the thousands digit of c?
7
Let i be -3 - -6 - (-606)/6. Let c = -122 + i. What is the tens digit of (-46)/(c/20 + (-6)/(-12))?
1
What is the hundreds digit of ((-172263)/910)/(2 - (-4)/(-5))*-52?
2
Let d be 432 + 0/(2 - (3 + 0)). Suppose -5*r = -9*r + d. Let z = r - 36. What is the units digit of z?
2
Suppose -4*k + k - 1441 = -4*q, 2*q - 2*k - 718 = 0. Let u = 754 - q. What is the hundreds digit of u?
3
Let c(k) = -6*k - 4. Let r be c(-9). Let a = r + -41. Suppose -a*l = -575 - 136. What is the units digit of l?
9
What is the units digit of ((-420)/45)/14*(-580401)/6?
9
Suppose -5*t - 7115 = 1890. Let a = t + 2940. What is the units digit of a?
9
Let w be 12/6 + 36/6 + -2. Suppose w*a - 6860 - 5704 = 0. What is the thousands digit of a?
2
Let u = 15 + -48. Let t = -934 + 824. What is the tens digit of (-20880)/t - ((-60)/u + -2)?
9
Let f(k) = k + 24. Suppose -3*n = 2*u + 39, -2*u = 2*n - 5*n + 45. Let m be f(u). Suppose -m*d - 2*t = -194, 3*d - 2*t + t = 200. What is the tens digit of d?
6
Suppose 5*b + 30 = 0, 4*p - 5*p - 2*b + 4849 = 0. What is the tens digit of p?
6
Let u = -169 + 173. What is the tens digit of 8/((-8)/(-105)) - 1 - u?
0
Let s(t) = 45*t**2 - 88*t + 174. What is the hundreds digit of s(9)?
0
Let l = -96 - -96. Suppose 0 = 3*w - 6, l = -0*v + 2*v - 5*w + 4. Suppose 66 = 5*x - v*x. What is the tens digit of x?
3
Let w(k) = 22*k - 91. Let z be w(4). What is the hundreds digit of (-3743)/z - 13/(-39)?
2
Suppose 6*c + 4*o - 44 = 2*c, -5*c + 4*o = -28. Let p(t) be the third derivative of t**5/20 - 5*t**4/24 - 4*t**3 - 6*t**2. What is the hundreds digit of p(c)?
1
Let a = -538 + 531. What is the tens digit of (-51 - 5)/a - -17?
2
Let b = 2387 - 1682. Suppose -z - 204 + b = 0. What is the hundreds digit of z?
5
Suppose 2*v + 4*c - 3026 = 0, 0*v - 3*v - 4*c = -4539. What is the hundreds digit of 20 + v + -3*3?
5
Let o = 6764 + -4737. Let j = -705 + o. What is the units digit of j?
2
Let x be (668/18*3)/((-12)/126). Let w = -829 - x. Suppose -w = -4*p + 4*i + 24, -4*p + 3*i + 361 = 0. What is the units digit of p?
8
Let r(h) = -410*h + 494. What is the hundreds digit of r(-7)?
3
Let a(m) be the first derivative of m**4/12 - 4*m**3/3 + 5*m**2 + 3*m - 12. Let r(b) be the first derivative of a(b). What is the tens digit of r(11)?
4
Let g(j) = -3 + 5 - j**2 - j - 1. Let d(z) = -15*z**2 - 18*z + 18. Let y(s) = d(s) - 18*g(s). What is the tens digit of y(8)?
9
Let k(x) = 48*x**2 + 138*x + 3344. What is the thousands digit of k(-39)?
0
Suppose 110*p - 1905629 = 1626141. What is the thousands digit of p?
2
Let y = 18 + -15. Suppose 6 = y*m, 2*m + 422 = 5*l - 114. Suppose l = -22*k + 25*k. What is the tens digit of k?
3
Let f(q) = -q**3 - 21*q**2 - 20*q + 12. Let t be f(-20). Suppose 4020 = 4*z - 4*r, 9*r - 13*r = -t. What is the hundreds digit of z?
0
Let c = 903 - -1661. Suppose -2661 - c = -5*b. Suppose -8*z - b = -2949. What is the units digit of z?
8
Let i be 8/72 + 58803/27 - 6. Let q = i + -744. What is the units digit of q?
8
Let w(y) = y**3 + 103*y**2 - 77*y + 713. What is the tens digit of w(-102)?
7
Let o = 16126 - 7678. What is the units digit of o?
8
Let x(n) = -9*n**3 - 6*n**2 + 12*n + 41. Let i be 7/56 - (-82)/(-32)*2. What is the hundreds digit of x(i)?
9
Suppose 10 = -2*o - 2*v - 4, -v = -2. Let p = o + 19. Let j = p + 41. What is the tens digit of j?
5
Suppose -85*m + 2 = -83*m. Let j be (0 - (-1 + m)) + -1. What is the tens digit of 2 - (3 + 24/j)?
2
Suppose 66*v - 385993 - 1379096 = 207651. What is the units digit of v?
0
Let s(v) = 22*v**2 - 731*v - 40. What is the ten thousands digit of s(49)?
1
Suppose 2*w - 9*w + 455 = 0. Suppose 3*b + 3*s + 25 = 4, 3 = b - s. What is the hundreds digit of 36/(-10)*w/b?
1
Suppose 79*r = -44*r - 62964 + 171204. What is the hundreds digit of r?
8
Let a(p) = p**3 + 16*p**2 - 12*p + 71. Let x be a(-14). Let n = x + -376. What is the units digit of n?
5
Let l(g) = g**2 + 7*g + 15. Let n be l(-2). Suppose -3*s - n*o = s - 1261, 4*o - 1260 = -4*s. What is the hundreds digit of s?
3
Let o = -325 - -328. Suppose -13*b - o*b = -9952. What is the hundreds digit of b?
6
Let j = -501 - 66. Let a = j - -1363. What is the hundreds digit of a?
7
Let w(b) be the first derivative of 16*b - 1/2*b**4 - 28/3*b**3 - 3*b**2 - 12. What is the units digit of w(-14)?
0
Suppose 24*c - 99 = 381. Suppose -8824 = c*v - 28*v. What is the thousands digit of v?
1
Let p = 290 - 279. Suppose -14*h + 1011 = -p*h. What is the hundreds digit of h?
3
Let p = 200 + -197. Suppose -2*f + 398 = -5*o, -p*o - 768 = -16*f + 12*f. What is the units digit of f?
9
Let c be (-57)/(-12) - 9/12. Suppose x + 54 = c*j, 3*x + 149 + 21 = 4*j. Let f = 20 - x. What is the tens digit of f?
7
Suppose 5*g - 39230 = 5*w, -40*g + 6*w = -36*g - 31372. What is the hundreds digit of g?
8
Let n(b) = -53*b**3 + 15*b**2 + 26*b + 27. What is the units digit of n(-5)?
7
Suppose 0 = -6*j - 192 - 54. Let o = j + 110. What is the tens digit of o?
6
Let y(r) = -r**2 + 4*r. Let o be y(5). Let q be (-68)/o + (-2)/(-5). Suppose 0 = 18*h - q*h - 676. What is the units digit of h?
9
Let y(u) be the third derivative of u**5/30 + 2*u**4 - 4*u**3/3 + 12*u**2. Let p(w) be the first derivative of y(w). What is the units digit of p(0)?
8
Let y(l) be the first derivative of -l**3/3 - 26*l**2 + 311*l - 156. What is the hundreds digit of y(-42)?
7
Let m = 3684 + -866. What is the tens digit of m?
1
Let t be 3809 + 2 + (3/(-1) - 0). Suppose -11*m - t = -19*m. What is the units digit of m?
6
Let l(t) = t**3 - 6*t**2 - 2*t - 6. Let g be l(6). Let n be 1